7. Let c(g) = -16*g**3 + 12*g**2 + 5*g + 38. Let f(n) = -4*c(n) + 9*z(n). Determine f(-2).
57
Suppose -4*y + 344 = 340. Let g(m) = -2*m - 1. Determine g(y).
-3
Let m(j) = 4*j - 4*j + j. Let r be (-28)/(-6)*72/(-16). Let l = r - -23. Calculate m(l).
2
Let q(h) = -9*h + 8 + 13*h**2 + 14*h**2 + 6*h**2 - 32*h**2. Determine q(10).
18
Let z(r) = -5*r - 36. Let q be z(-6). Let d(x) = -x**3 - 3*x**2 - 2*x - 5. Let j(c) = -2*c**3 - 7*c**2 - 5*c - 9. Let y(l) = 7*d(l) - 4*j(l). Calculate y(q).
1
Suppose 7*b - b = 36. Let o(l) = -l**3 + 5*l**2 + 4*l + 13. What is o(b)?
1
Suppose 0 = 48*t - 103*t - 275. Let g(i) = 0*i**2 - 4 - i**2 - 2*i - i. Calculate g(t).
-14
Let b be 0 - (-6)/(12/(-2)). Let q(y) = 9*y + 1. Calculate q(b).
-8
Let o(z) = 2*z**2 + 18*z + 7. Let h(t) = 3*t**2 + 20*t + 7. Let f(n) = 4*h(n) - 5*o(n). What is f(5)?
-7
Let o(k) be the second derivative of 3*k**2 + 0 - 1/12*k**4 + 11*k + 2/3*k**3. Calculate o(5).
1
Let w = 8 + 10. Let s be ((-7)/(21/w))/(-1). Let p(f) = 8 + 0 + 2*f - s. Give p(-4).
-6
Let n(a) = -a**3 - 3*a**2 + 1. Let r(l) = l**3 + 8*l**2 - 8*l + 13. Let i be r(-9). Suppose i*b = -3*m + 5*m, -4*b + 28 = 5*m. Calculate n(b).
-19
Let o(p) = -p**2 - p + 2. Suppose 0 = -5*y + 52*y + 141. Calculate o(y).
-4
Let j(c) = -2*c. Let s be 10*(-6)/(-75)*(-90)/12. What is j(s)?
12
Suppose -5*b - 2*l + 7 = -11, -l = 5*b - 14. Let c(n) = -48*n + b - 54*n + 99*n. Calculate c(-4).
14
Let l(a) be the first derivative of a**5/40 + a**4/24 + 14*a**3/3 + 18. Let x(p) be the third derivative of l(p). Calculate x(2).
7
Let r(s) = -3*s + 8. Suppose 165*j - 54 = 174*j. Calculate r(j).
26
Let b(d) be the third derivative of d**5/20 - d**4/24 - d**3/3 - 101*d**2. Determine b(-2).
12
Suppose -4*z - 4 = -88. Let c(y) = 26*y - 49*y + 3 + z*y. Calculate c(5).
-7
Let s(r) be the first derivative of r**4/4 - r**3/3 - 3*r**2/2 - 2*r - 513. Determine s(-1).
-1
Let u = 20 - 18. Suppose 2*v = u + 8. Suppose -6 = -w - r, 5*w - v*r - 20 - 10 = 0. Let z(c) = -c + 6. Calculate z(w).
0
Let f = -16 - -18. Suppose a = -f + 7. Let m(h) = 6*h + 0*h**2 - h**2 + a - 1 - 3. Calculate m(5).
6
Let x(s) be the third derivative of s**5/60 + s**3/6 - 179*s**2. Determine x(0).
1
Let s(d) = 7*d - 8*d - 2 - d**3 + 1 + 2*d**3. Let u = -5 - -4. Let i = 0 + u. Give s(i).
-1
Let o(y) = -y + 0*y + 0*y. Let d = 28 + -49. Let m be 1 + (-16)/3 + 14/d. Give o(m).
5
Let h = 94 - 89. Let k(d) = 42 - d**3 + 0*d + h*d - 4*d**2 + 9*d**2 - 45. What is k(6)?
-9
Let b(s) = -s**3 + s**2 + s + 1. Let u(j) = -j**3 - 1. Let i(m) = -4*m**3 + m**2 + 7*m + 9. Let o(h) = i(h) + 2*u(h). Let c(n) = 4*b(n) - o(n). Calculate c(-3).
-21
Let g(k) = 3*k + 3. Let j(c) = -4*c + 5 + 1 + 11*c. Let z(i) = -5*g(i) + 2*j(i). Let w = -34 + 39. What is z(w)?
-8
Let n(r) = r. Suppose -20 = -5*q - t, -2*q - 3*t + 30 = -7*t. Determine n(q).
5
Let u(p) = -6*p**2 + 3*p**2 - 31*p + 3 - p**3 + 1 + 27*p. Calculate u(-4).
36
Let x(s) be the third derivative of s**6/120 - s**5/60 - s**4/4 - 2*s**3/3 + 176*s**2. Determine x(3).
-4
Let u(o) = o - 2. Suppose -5*y + 9 - 4 = 0. Let q(k) = 6*k**3 - 2*k**2 + 1. Let w be q(y). Suppose -2*a + 5 = -3*r, 2*r - 3*r = w*a + 13. What is u(r)?
-5
Let b = -1660 - -1658. Let i(u) = -3*u. Calculate i(b).
6
Let v(m) = 3*m + 2. Let o(u) = -30*u - 507. Let a be o(-17). Calculate v(a).
11
Let h(o) = -420*o**2 + 0 - 6 - o**3 + 404*o**2 + 1. Give h(-16).
-5
Let y be (-42 - -43)/(1/(-5)). Let i(n) = n**2 + 9*n + 22. What is i(y)?
2
Let c(d) be the third derivative of -d**5/60 - d**4/8 + 2*d**3/3 - 55*d**2. Determine c(-5).
-6
Let t(z) = z**2 - 5*z - 2. Let j be t(4). Let k(q) = 8*q**2 - 10*q + 7. Let u(m) = -3*m**2 + 3*m - 2. Let a(l) = -4*k(l) - 11*u(l). Determine a(j).
-12
Let p(y) = -9*y + 33. Suppose w - 161 = 2*c + 3*c, -5*w - 185 = 5*c. Let v(q) = -q + 4. Let s(k) = c*v(k) + 4*p(k). Determine s(2).
-6
Suppose -3*o + 5 + 1 = 0. Let q(z) be the first derivative of z**7/840 - z**6/120 + z**4/12 + z**3 - 8. Let h(l) be the third derivative of q(l). What is h(o)?
-2
Let c(g) = g**2 + 7*g - 7. Suppose -5*y = -2*l + 227, -2*l + 86 + 6 = -2*y. Let j = 40 + y. What is c(j)?
-17
Let q be 2/1 + -3 - -1. Let m(r) be the second derivative of r**5/20 - r**4/12 + r**3/6 + 11*r**2/2 + 59*r. Calculate m(q).
11
Let d(n) = -4 - 2 - 6 - 2 + n + 5. Calculate d(0).
-9
Let r(i) = 16*i + 68. Let c(q) = -16*q - 80. Let w(z) = -5*c(z) - 6*r(z). What is w(-1)?
8
Let d(k) = 3*k. Let v = 14 - 12. Suppose u = -7 + v. Let o(i) = 7*i. Let b(m) = u*d(m) + 3*o(m). Give b(1).
6
Suppose -4 = 5*q + 6. Let f(x) be the first derivative of -x**4/12 - x**3/2 - x**2/2 + 9*x + 15. Let l(p) be the first derivative of f(p). Calculate l(q).
1
Let n(o) be the third derivative of o**6/360 + 2*o**3/3 + 23*o**2. Let l(s) be the first derivative of n(s). What is l(0)?
0
Let u(m) be the third derivative of -m**4/24 + m**3/3 + 304*m**2. What is u(2)?
0
Let l(o) = 5*o**2 + 8*o - 43. Let t(y) = 3*y**2 + 6*y - 28. Let m(r) = -5*l(r) + 8*t(r). Give m(3).
6
Let g(n) = -5*n**2 - 16*n - 11. Let z(h) = -3*h**2 - 16*h - 13. Let s(v) = 2*g(v) - 3*z(v). Calculate s(17).
0
Let r be 15/(-6)*(-72)/45 + 3. Let p(k) = k**3 - 7*k**2 - 5. What is p(r)?
-5
Let k be 39/12 - 5/20. Let a(n) = -4*n + 2 - n - k + 4*n. What is a(-1)?
0
Let k(g) = -2*g - 1. Let o(c) = -5*c + 8. Let y(a) = 2*k(a) - o(a). Determine y(6).
-4
Suppose 27*a = 13*a + 154. Let g(u) = u**2 - 13*u + 11. What is g(a)?
-11
Let b(z) be the second derivative of z**5/20 - 5*z**4/6 + 7*z**3/3 - 5*z**2/2 - 51*z. Give b(9).
40
Let m(f) = -6*f + f - f + 6*f + 2*f + 1. Calculate m(3).
7
Let w(t) = -t - 2. Suppose 18*a - 4 = 19*a. Let b be (4 + -1)*(a + (-10)/(-6)). Calculate w(b).
5
Let t(z) = 2*z - 6*z - z. Let q(w) = -2*w**2 - 21*w - 11. Let l be (1 - -1)*(-2 - 3). Let c be q(l). Give t(c).
5
Let o(s) = -8 - 4*s**3 - s**3 + 4*s**3 - 377*s - 14*s**2 + 366*s. What is o(-13)?
-34
Let y(p) = -1955 + 3*p + 1956 - 3*p**2 + 6*p. Give y(4).
-11
Let t be (1/2)/((-15)/(-990)). Let s(b) = 1 - 4 + 35*b - t*b. Give s(2).
1
Let b(n) = n**2 - n + 1. Let v = -14 - -13. Let j(g) = -7*g**2 - 2. Let p(w) = v*j(w) - 6*b(w). Suppose 5*m + 18 = -12. Give p(m).
-4
Let x(d) = -d**3 - 2*d**2 + 10*d + 6. Let s(y) = -y**2 + 13. Let h be s(4). Let u(o) = -o**3 - 3*o**2 + 9*o + 5. Let b(w) = h*u(w) + 2*x(w). Calculate b(-6).
3
Let p(a) = -a - 7. Let b be 87*4/(-36) - 2/(-3). What is p(b)?
2
Let z(c) = -5*c + 6. Let k = 16 - -16. Let s = -30 + k. Let j(p) = -p + 1. Let m(v) = s*z(v) - 11*j(v). Give m(-2).
-1
Let s(k) = 3*k + 14. Suppose -52*q + 128 - 544 = 0. Give s(q).
-10
Let d(t) = t + 16. Let a(i) = 2*i. Let s be a(-6). Let h be d(s). Let u be (-32)/80 + h/10. Let z(y) = -y**3 - y**2 - 5. Determine z(u).
-5
Let z = -62 + 58. Let d(m) = -m**3 - 3*m**2 + 5*m + 1. What is d(z)?
-3
Let p(s) = -s**3 + s**2 - s + 1. Let b(q) = -5*q**3 - 2*q**2 - 11*q - 3. Let a = 30 + -26. Let t(n) = a*p(n) - b(n). Calculate t(-5).
-3
Let a(o) = -4 + 10*o**2 + 8*o + 4*o**2 - 15*o**2 - 2. Let x = -2 + 8. Suppose x = 2*p - 8. What is a(p)?
1
Let z(y) = y + 4. Let k be z(4). Let v(b) be the second derivative of b**5/20 - 2*b**4/3 - b**3/3 - 3*b**2/2 + 596*b - 3. Give v(k).
-19
Suppose a + 9 - 32 = 0. Let l(h) = 5*h**2 + 4*h + a - 4*h**2 - 17. Let f be (12/(-9))/((-1)/(-3)). Give l(f).
6
Suppose 4*q - 16 = 3*q. Let p = q + -11. Let c(f) be the first derivative of f**3/3 - 5*f**2/2 + f - 3. Give c(p).
1
Let r(b) be the third derivative of b**5/15 - b**4/24 - 7*b**3/6 - b**2 - 83. Calculate r(-3).
32
Suppose 0 = 5*a + 29 + 86. Let v = 24 + a. Let h(u) = -4*u**2 - 2*u + 1. Determine h(v).
-5
Let r(k) be the third derivative of k**5/60 - 5*k**4/12 - 4*k**3 - 3*k**2 - 25*k. Give r(12).
0
Let z(i) = -2*i**2 + 4*i + 1. Suppose -4*f = 2*n - 112, -4*n = -4*f + 3*f + 19. Suppose 32*x = f*x + 15. Determine z(x).
-5
Let l(p) be the first derivative of -p**5/20 + p**4/6 + p**3/2 - p**2/2 - 34*p + 32. Let s(v) be the first derivative of l(v). Determine s(2).
5
Let a be (-10 - -3) + (-8)/((-24)/6). Let l(k) = -k**2 - 7*k - 6. Calculate l(a).
4
Let x be 765/(-425) + 9/5. Let z(w) = w**3 - w**2 - w - 10. Give z(x).
-10
Let s(w) = 4*w + 3. Let i be s(-3). Let c = 139 - 137. Let p(t) = -3*t**2 + 12 + 0*t**2 - 8*t + 2*t**c + 0*t**2. Give p(i).
3
Let g(c) = 3*c + 5*c - 10*c - 6*c